 of 24363635 and 3145.
85
What is the highest common factor of 521 and 3991902?
521
Calculate the greatest common factor of 47306 and 89962.
62
Calculate the highest common divisor of 859296432 and 38.
38
Calculate the highest common factor of 27495 and 1741961.
611
Calculate the highest common factor of 24075729 and 9.
9
What is the highest common divisor of 3028 and 7707774?
1514
Calculate the highest common factor of 1531488 and 8772.
516
What is the greatest common factor of 26166 and 17346?
294
Calculate the highest common factor of 761206 and 188272.
82
Calculate the greatest common factor of 774 and 1463526.
18
What is the greatest common factor of 283656 and 626142?
318
What is the highest common factor of 4823580 and 3187346?
9458
Calculate the highest common divisor of 17725463 and 21.
7
Calculate the highest common factor of 357 and 37923957.
51
What is the greatest common divisor of 2195365 and 344?
43
What is the greatest common divisor of 48 and 18550296?
24
Calculate the greatest common divisor of 29340 and 75987.
9
What is the greatest common divisor of 1380940 and 3520?
220
What is the highest common divisor of 148106 and 97909?
497
What is the highest common divisor of 22342508 and 1096?
548
What is the greatest common factor of 47938102 and 145?
29
What is the greatest common factor of 8235909 and 1012?
253
Calculate the greatest common factor of 6 and 2252099.
1
Calculate the highest common divisor of 39421396 and 103.
103
What is the highest common factor of 2087550 and 22950?
450
What is the highest common divisor of 82924 and 788?
4
What is the highest common factor of 304634 and 25498?
1342
Calculate the highest common divisor of 521670 and 1374.
6
Calculate the greatest common factor of 125 and 3875450.
25
Calculate the highest common divisor of 4828 and 499556.
284
What is the highest common factor of 6410 and 42190?
10
Calculate the greatest common divisor of 317240896 and 1568.
1568
Calculate the highest common divisor of 1401509 and 9683.
421
What is the greatest common divisor of 23670 and 8469810?
90
What is the greatest common divisor of 2473 and 259702095?
2473
What is the highest common factor of 41387419 and 23?
23
What is the highest common factor of 872862 and 4566?
6
Calculate the highest common divisor of 24 and 14257652.
4
Calculate the greatest common divisor of 1105762903 and 106.
53
Calculate the highest common factor of 1323535 and 383180.
1955
What is the highest common factor of 60764 and 91869644?
5524
Calculate the greatest common factor of 4359144 and 7728.
552
Calculate the greatest common factor of 11260330 and 90.
10
Calculate the highest common factor of 6642 and 13944474.
162
Calculate the highest common factor of 969 and 6587053.
19
What is the highest common factor of 311195 and 52532?
571
What is the greatest common factor of 2720 and 1255713840?
1360
What is the highest common divisor of 5519658 and 288?
6
Calculate the highest common divisor of 34008 and 369096.
312
What is the highest common factor of 484 and 339923540?
44
What is the greatest common divisor of 63024310 and 10?
10
What is the greatest common factor of 515526 and 6843969?
2409
Calculate the greatest common factor of 180432 and 52803.
9
What is the greatest common divisor of 55 and 37218742?
11
Calculate the highest common factor of 85300 and 39550.
50
Calculate the greatest common divisor of 1275 and 43104075.
75
Calculate the greatest common factor of 411488 and 3087392.
2464
Calculate the greatest common divisor of 19352914 and 51795.
1151
What is the greatest common factor of 182 and 289467542?
182
Calculate the greatest common divisor of 258200 and 142800.
200
Calculate the highest common divisor of 17846036 and 156.
52
What is the greatest common factor of 16324 and 292083?
583
What is the highest common divisor of 2913016 and 16?
8
Calculate the greatest common factor of 6990 and 186690.
30
Calculate the greatest common factor of 809857 and 141.
47
What is the greatest common factor of 18 and 960861519?
9
What is the highest common divisor of 5200 and 177522020?
260
What is the highest common factor of 321 and 79479707?
107
Calculate the greatest common factor of 12796524 and 6660.
1332
What is the highest common factor of 451 and 16550839?
41
Calculate the greatest common factor of 557947111 and 547.
547
What is the greatest common divisor of 55 and 1859605?
55
Calculate the highest common divisor of 554433068 and 112.
28
What is the highest common factor of 91 and 25682111?
91
Calculate the greatest common factor of 1463 and 67727.
11
What is the highest common factor of 656 and 1524784?
16
Calculate the highest common divisor of 42189420 and 16380.
5460
Calculate the greatest common factor of 2340 and 2723220.
180
Calculate the greatest common factor of 44 and 14579246.
22
Calculate the greatest common divisor of 21903764 and 19788.
388
What is the highest common divisor of 33381184 and 176?
16
Calculate the highest common divisor of 72738 and 93900717.
4041
What is the greatest common factor of 276926 and 2327?
13
What is the greatest common divisor of 116754 and 3420318?
1914
What is the highest common divisor of 17477792 and 96?
32
What is the highest common factor of 1740192 and 60?
12
Calculate the greatest common divisor of 16896114 and 324.
162
Calculate the highest common divisor of 4762 and 96482882.
4762
Calculate the greatest common factor of 297763 and 121830.
131
Calculate the greatest common divisor of 719346 and 590.
2
What is the greatest common divisor of 31096 and 14383096?
2392
Calculate the greatest common divisor of 1009275 and 3525.
75
What is the greatest common divisor of 18258 and 150144?
102
What is the greatest common divisor of 58900 and 14656676?
2356
Calculate the highest common divisor of 276260 and 2812.
76
What is the highest common factor of 1531920 and 3328?
208
Calculate the greatest common divisor of 114451050 and 75.
75
What is the highest common divisor of 80634471 and 12076?
3019
What is the greatest common factor of 3559593 and 3716191?
6023
Calculate the greatest common divisor of 1183 and 3510806.
169
Calculate the greatest common divisor of 91048 and 958.
2
What is the greatest common factor of 228611303 and 8978?
4489
What is the greatest common factor of 1344954 and 4758?
78
What is the greatest common divisor of 519662 and 2947174?
3634
What is the highest common divisor of 13485 and 51597090?
435
What is the greatest common factor of 17885856 and 44?
4
What is the highest common divisor of 6042 and 1860618?
318
What is the greatest common divisor of 1547953 and 1419?
11
Calculate the greatest common divisor of 2907 and 51611201.
323
What is the greatest common factor of 7020 and 5608460?
260
Calculate the greatest common divisor of 4133058 and 3441864.
14106
What is the greatest common divisor of 11608370 and 40?
10
What is the highest common divisor of 344 and 83033?
43
Calculate the greatest common divisor of 1629109 and 1.
1
Calculate the greatest common divisor of 24288 and 5681568.
96
What is the greatest common divisor of 1044109 and 14641?
121
What is the highest common divisor of 211 and 10533?
1
What is the greatest common divisor of 142 and 41142?
2
Calculate the greatest common factor of 534263 and 11853.
439
What is the greatest common divisor of 39520 and 137161760?
3040
Calculate the highest common divisor of 868 and 168427.
7
What is the greatest common factor of 54024491 and 601?
601
What is the highest common factor of 605712 and 2464?
16
What is the highest common divisor of 947484 and 496?
124
Calculate the greatest common divisor of 682038924 and 1834.
1834
Calculate the greatest common divisor of 96 and 1409635968.
96
What is the highest common divisor of 6780924 and 60?
12
What is the greatest common divisor of 57431 and 732435?
253
What is the highest common divisor of 332 and 67442480?
332
What is the greatest common divisor of 28386360 and 440?
40
What is the greatest common factor of 10451 and 13113019?
1493
Calculate the greatest common factor of 20 and 790934980.
20
What is the highest common factor of 103782 and 206094?
294
Calculate the highest common divisor of 398 and 793003259.
199
Calculate the highest common divisor of 1642